factors of 490841?
13, 17, 2221
What are the prime factors of 1616245?
5, 323249
List the prime factors of 193647.
3, 17, 3797
List the prime factors of 10954651.
2383, 4597
List the prime factors of 324868.
2, 241, 337
List the prime factors of 4229145.
3, 5, 31327
What are the prime factors of 233391?
3, 77797
List the prime factors of 23864139.
3, 13, 131, 173
What are the prime factors of 14508961?
29, 31, 16139
List the prime factors of 482409.
3, 17, 1051
List the prime factors of 490003.
490003
What are the prime factors of 4422707?
113, 39139
What are the prime factors of 994236?
2, 3, 29, 2857
List the prime factors of 15224960.
2, 5, 23789
What are the prime factors of 6681318?
2, 3, 7, 159079
List the prime factors of 464572.
2, 37, 43, 73
What are the prime factors of 4200668?
2, 1050167
What are the prime factors of 832817?
211, 3947
List the prime factors of 682916.
2, 13, 23, 571
List the prime factors of 198917.
17, 11701
List the prime factors of 1418111.
23, 61657
What are the prime factors of 6835719?
3, 11, 359, 577
What are the prime factors of 104795?
5, 20959
What are the prime factors of 217050?
2, 3, 5, 1447
List the prime factors of 4150212.
2, 3, 11, 23, 1367
What are the prime factors of 721797?
3, 240599
What are the prime factors of 590633?
97, 6089
What are the prime factors of 182195?
5, 13, 2803
What are the prime factors of 886220?
2, 5, 73, 607
What are the prime factors of 1973300?
2, 5, 7, 2819
List the prime factors of 1310138.
2, 655069
What are the prime factors of 595047?
3, 198349
What are the prime factors of 987502?
2, 563, 877
What are the prime factors of 2408200?
2, 5, 12041
What are the prime factors of 13729443?
3, 7, 13, 50291
What are the prime factors of 18769139?
17, 59, 18713
List the prime factors of 15476735.
5, 19, 101, 1613
What are the prime factors of 318695?
5, 13, 4903
What are the prime factors of 17721733?
17721733
List the prime factors of 12727274.
2, 7, 909091
List the prime factors of 21721501.
97, 151, 1483
List the prime factors of 144162.
2, 3, 8009
List the prime factors of 12487773.
3, 4162591
List the prime factors of 2600810.
2, 5, 260081
List the prime factors of 713486.
2, 53, 127
List the prime factors of 4507288.
2, 563411
What are the prime factors of 4105067?
883, 4649
List the prime factors of 2743418.
2, 157, 8737
List the prime factors of 17043001.
523, 32587
What are the prime factors of 23286727?
37, 629371
List the prime factors of 165857.
165857
List the prime factors of 476220.
2, 3, 5, 7937
What are the prime factors of 7377015?
3, 5, 73, 6737
List the prime factors of 685860.
2, 3, 5, 7, 23, 71
List the prime factors of 167156.
2, 11, 29, 131
What are the prime factors of 14108516?
2, 3527129
What are the prime factors of 202589?
17, 701
List the prime factors of 1028535.
3, 5, 191, 359
What are the prime factors of 15319447?
11, 13, 9739
List the prime factors of 9186454.
2, 4593227
What are the prime factors of 6880910?
2, 5, 23, 29917
What are the prime factors of 1121943?
3, 373981
List the prime factors of 4828773.
3, 257, 6263
List the prime factors of 5289880.
2, 5, 132247
What are the prime factors of 5475631?
7, 659, 1187
What are the prime factors of 544126?
2, 11, 24733
What are the prime factors of 8714069?
7, 13, 31, 3089
What are the prime factors of 9019802?
2, 11, 59, 6949
What are the prime factors of 3146159?
31, 101489
What are the prime factors of 113067?
3, 17, 739
What are the prime factors of 45803?
163, 281
What are the prime factors of 14964052?
2, 59, 163, 389
List the prime factors of 2754657.
3, 349, 877
List the prime factors of 332940.
2, 3, 5, 31, 179
What are the prime factors of 4909968?
2, 3, 7, 4871
What are the prime factors of 4908615?
3, 5, 229, 1429
What are the prime factors of 1043246?
2, 29, 17987
What are the prime factors of 29713432?
2, 7, 530597
List the prime factors of 783874.
2, 7, 13, 59, 73
What are the prime factors of 760759?
760759
What are the prime factors of 627376?
2, 113, 347
What are the prime factors of 864798?
2, 3, 11, 13103
What are the prime factors of 2240311?
17, 131783
List the prime factors of 226472.
2, 28309
What are the prime factors of 66363?
3, 11, 2011
What are the prime factors of 5600474?
2, 11, 193, 1319
List the prime factors of 117565.
5, 7, 3359
What are the prime factors of 189873?
3, 17, 73
What are the prime factors of 395427?
3, 89, 1481
What are the prime factors of 55113?
3, 18371
What are the prime factors of 323050?
2, 5, 7, 13, 71
What are the prime factors of 361133?
19, 83, 229
What are the prime factors of 14982?
2, 3, 11, 227
What are the prime factors of 373374?
2, 3, 20743
What are the prime factors of 1862228?
2, 19, 107, 229
List the prime factors of 173254.
2, 86627
What are the prime factors of 3891012?
2, 3, 324251
What are the prime factors of 169303?
17, 23, 433
List the prime factors of 790051.
790051
What are the prime factors of 3451765?
5, 17, 40609
List the prime factors of 4392306.
2, 3, 19, 1427
List the prime factors of 682554.
2, 3, 113759
List the prime factors of 538835.
5, 11, 97, 101
List the prime factors of 25752.
2, 3, 29, 37
List the prime factors of 8892788.
2, 2223197
List the prime factors of 11138341.
971, 11471
What are the prime factors of 9268959?
3, 7, 59, 7481
List the prime factors of 9765380.
2, 5, 41, 11909
List the prime factors of 832263.
3, 277421
List the prime factors of 2819570.
2, 5, 13, 23, 41
What are the prime factors of 337694?
2, 7, 24121
What are the prime factors of 258127?
258127
List the prime factors of 1976971.
263, 7517
List the prime factors of 1890130.
2, 5, 11, 17183
List the prime factors of 12753216.
2, 3, 7, 3163
What are the prime factors of 240227?
13, 17, 1087
List the prime factors of 222500.
2, 5, 89
What are the prime factors of 401177?
7, 223, 257
What are the prime factors of 562421?
562421
What are the prime factors of 292358?
2, 11, 97, 137
List the prime factors of 9594168.
2, 3, 399757
List the prime factors of 899377.
29, 31013
List the prime factors of 7490281.
727, 10303
List the prime factors of 12370871.
12370871
List the prime factors of 1032457.
1032457
What are the prime factors of 1099236?
2, 3, 47, 1949
What are the prime factors of 858117?
3, 13, 22003
List the prime factors of 3885663.
3, 1295221
List the prime factors of 4672509.
3, 29, 43, 1249
List the prime factors of 180071.
180071
What are the prime factors of 154419?
3, 51473
What are the prime factors of 1846737?
3, 449, 457
What are the prime factors of 5585853?
3, 7, 13, 37, 79
What are the prime factors of 3970281?
3, 7, 189061
List the prime factors of 25350.
2, 3, 5, 13
List the prime factors of 13492694.
2, 1321, 5107
What are the prime factors of 4484342?
2, 19, 6211
What are the prime factors of 1872893?
11, 170263
List the prime factors of 11794040.
2, 5, 43, 6857
List the prime factors of 99456.
2, 3, 7, 37
List the prime factors of 691042.
2, 11, 101, 311
List the prime factors of 237547.
237547
List the prime factors of 1625870.
2, 5, 23, 7069
What are the prime factors of 11738905?
5, 2347781
List the prime factors of 397494.
2, 3, 17, 433
List the prime factors of 8177685.
3, 5, 67, 79, 103
What are the prime factors of 8555333?
23, 371971
List the prime factors of 192168.
2, 3, 17, 157
What are the prime factors of 400952?
2, 50119
What are the prime factors of 216122?
2, 108061
What are the prime factors of 35182?
2, 7, 359
List the prime factors of 4113002.
2, 2056501
What are the prime factors of 3224493?
3, 358277
List the prime factors of 387764.
2, 13, 7457
List the prime factors of 2227654.
2, 11, 13, 7789
List the prime factors of 1535987.
1535987
What are the prime factors of 492988?
2, 37, 3331
What are the prime factors of 19617313?
1511, 12983
What are the prime factors of 2314492?
2, 227, 2549
List the prime factors of 888564.
2, 3, 74047
List the prime factors of 262643.
262643
List the prime factors of 445337.
491, 907
What are the prime factors of 6499470?
2, 3, 5, 216649
List the prime factors of 346475.
5, 13859
List the prime factors of 120241.
11, 17, 643
What are the prime factors of 347058?
2, 3, 6427
What are the prime factors of 268403?
268403
What are the prime factors of 40